{"id":158,"date":"2020-09-10T11:44:29","date_gmt":"2020-09-10T11:44:29","guid":{"rendered":"https:\/\/oil4vap.fr\/?page_id=158"},"modified":"2020-11-03T09:54:23","modified_gmt":"2020-11-03T09:54:23","slug":"niko-vaps","status":"publish","type":"page","link":"https:\/\/oil4vap.fr\/?page_id=158","title":{"rendered":"NIKO-VAPS"},"content":{"rendered":"\t\t<div data-elementor-type=\"wp-page\" data-elementor-id=\"158\" class=\"elementor elementor-158\">\n\t\t\t\t\t\t<section class=\"elementor-section elementor-top-section elementor-element elementor-element-29d564df elementor-section-content-middle elementor-section-stretched elementor-section-boxed elementor-section-height-default elementor-section-height-default\" data-id=\"29d564df\" data-element_type=\"section\" data-e-type=\"section\" data-settings=\"{&quot;background_background&quot;:&quot;classic&quot;,&quot;stretch_section&quot;:&quot;section-stretched&quot;}\">\n\t\t\t\t\t\t<div class=\"elementor-container elementor-column-gap-no\">\n\t\t\t\t\t<div class=\"elementor-column elementor-col-100 elementor-top-column elementor-element elementor-element-75eff4e7\" data-id=\"75eff4e7\" data-element_type=\"column\" data-e-type=\"column\">\n\t\t\t<div class=\"elementor-widget-wrap elementor-element-populated\">\n\t\t\t\t\t\t<div class=\"elementor-element elementor-element-10c71ae4 elementor-widget elementor-widget-heading\" data-id=\"10c71ae4\" data-element_type=\"widget\" data-e-type=\"widget\" data-widget_type=\"heading.default\">\n\t\t\t\t<div class=\"elementor-widget-container\">\n\t\t\t\t\t<h4 class=\"elementor-heading-title elementor-size-default\">NIKO-VAPS<\/h4>\t\t\t\t<\/div>\n\t\t\t\t<\/div>\n\t\t\t\t<div class=\"elementor-element elementor-element-52cc1335 elementor-widget elementor-widget-heading\" data-id=\"52cc1335\" data-element_type=\"widget\" data-e-type=\"widget\" data-widget_type=\"heading.default\">\n\t\t\t\t<div class=\"elementor-widget-container\">\n\t\t\t\t\t<h5 class=\"elementor-heading-title elementor-size-xl\">\nutilisez-les dans vos eliquides ou dans vos bases pour vapoter au pourcentage de nicotine souhait\u00e9. 99,9% de nicotine pure.<\/h5>\t\t\t\t<\/div>\n\t\t\t\t<\/div>\n\t\t\t\t<section class=\"elementor-section elementor-inner-section elementor-element elementor-element-1aab5e4 elementor-section-content-middle elementor-section-boxed elementor-section-height-default elementor-section-height-default\" data-id=\"1aab5e4\" data-element_type=\"section\" data-e-type=\"section\">\n\t\t\t\t\t\t<div class=\"elementor-container elementor-column-gap-no\">\n\t\t\t\t\t<div class=\"elementor-column elementor-col-50 elementor-inner-column elementor-element elementor-element-669e9474\" data-id=\"669e9474\" data-element_type=\"column\" data-e-type=\"column\">\n\t\t\t<div class=\"elementor-widget-wrap elementor-element-populated\">\n\t\t\t\t\t\t<div class=\"elementor-element elementor-element-0673c55 elementor-arrows-position-inside elementor-pagination-position-outside elementor-invisible elementor-widget elementor-widget-image-carousel\" data-id=\"0673c55\" data-element_type=\"widget\" data-e-type=\"widget\" data-settings=\"{&quot;slides_to_show&quot;:&quot;1&quot;,&quot;autoplay_speed&quot;:40,&quot;speed&quot;:3000,&quot;_animation&quot;:&quot;zoomIn&quot;,&quot;navigation&quot;:&quot;both&quot;,&quot;autoplay&quot;:&quot;yes&quot;,&quot;pause_on_hover&quot;:&quot;yes&quot;,&quot;pause_on_interaction&quot;:&quot;yes&quot;,&quot;infinite&quot;:&quot;yes&quot;,&quot;effect&quot;:&quot;slide&quot;}\" data-widget_type=\"image-carousel.default\">\n\t\t\t\t<div class=\"elementor-widget-container\">\n\t\t\t\t\t\t\t<div class=\"elementor-image-carousel-wrapper swiper\" role=\"region\" aria-roledescription=\"carousel\" aria-label=\"Carrusel de im\u00e1genes\" dir=\"ltr\">\n\t\t\t<div class=\"elementor-image-carousel swiper-wrapper\" aria-live=\"off\">\n\t\t\t\t\t\t\t\t<div class=\"swiper-slide\" role=\"group\" aria-roledescription=\"slide\" aria-label=\"1 de 3\"><a data-elementor-open-lightbox=\"yes\" data-elementor-lightbox-slideshow=\"0673c55\" data-elementor-lightbox-title=\"niko vap 20mg normal\" data-e-action-hash=\"#elementor-action%3Aaction%3Dlightbox%26settings%3DeyJpZCI6MjU5LCJ1cmwiOiJodHRwczpcL1wvb2lsNHZhcC5mclwvd3AtY29udGVudFwvdXBsb2Fkc1wvMjAyMFwvMDlcL25pa28tdmFwLTIwbWctbm9ybWFsLnBuZyIsInNsaWRlc2hvdyI6IjA2NzNjNTUifQ%3D%3D\" href=\"https:\/\/oil4vap.fr\/wp-content\/uploads\/2020\/09\/niko-vap-20mg-normal.png\"><figure class=\"swiper-slide-inner\"><img decoding=\"async\" class=\"swiper-slide-image\" src=\"https:\/\/oil4vap.fr\/wp-content\/uploads\/2020\/09\/niko-vap-20mg-normal.png\" alt=\"niko vap 20mg normal\" \/><\/figure><\/a><\/div><div class=\"swiper-slide\" role=\"group\" aria-roledescription=\"slide\" aria-label=\"2 de 3\"><a data-elementor-open-lightbox=\"yes\" data-elementor-lightbox-slideshow=\"0673c55\" data-elementor-lightbox-title=\"niko vap 10mg normal\" data-e-action-hash=\"#elementor-action%3Aaction%3Dlightbox%26settings%3DeyJpZCI6MjU3LCJ1cmwiOiJodHRwczpcL1wvb2lsNHZhcC5mclwvd3AtY29udGVudFwvdXBsb2Fkc1wvMjAyMFwvMDlcL25pa28tdmFwLTEwbWctbm9ybWFsLnBuZyIsInNsaWRlc2hvdyI6IjA2NzNjNTUifQ%3D%3D\" href=\"https:\/\/oil4vap.fr\/wp-content\/uploads\/2020\/09\/niko-vap-10mg-normal.png\"><figure class=\"swiper-slide-inner\"><img decoding=\"async\" class=\"swiper-slide-image\" src=\"https:\/\/oil4vap.fr\/wp-content\/uploads\/2020\/09\/niko-vap-10mg-normal.png\" alt=\"niko vap 10mg normal\" \/><\/figure><\/a><\/div><div class=\"swiper-slide\" role=\"group\" aria-roledescription=\"slide\" aria-label=\"3 de 3\"><a data-elementor-open-lightbox=\"yes\" data-elementor-lightbox-slideshow=\"0673c55\" data-elementor-lightbox-title=\"niko vap omg normal\" data-e-action-hash=\"#elementor-action%3Aaction%3Dlightbox%26settings%3DeyJpZCI6MjY2LCJ1cmwiOiJodHRwczpcL1wvb2lsNHZhcC5mclwvd3AtY29udGVudFwvdXBsb2Fkc1wvMjAyMFwvMDlcL25pa28tdmFwLW9tZy1ub3JtYWwucG5nIiwic2xpZGVzaG93IjoiMDY3M2M1NSJ9\" href=\"https:\/\/oil4vap.fr\/wp-content\/uploads\/2020\/09\/niko-vap-omg-normal.png\"><figure class=\"swiper-slide-inner\"><img decoding=\"async\" class=\"swiper-slide-image\" src=\"https:\/\/oil4vap.fr\/wp-content\/uploads\/2020\/09\/niko-vap-omg-normal.png\" alt=\"niko vap omg normal\" \/><\/figure><\/a><\/div>\t\t\t<\/div>\n\t\t\t\t\t\t\t\t\t\t\t\t<div class=\"elementor-swiper-button elementor-swiper-button-prev\" role=\"button\" tabindex=\"0\">\n\t\t\t\t\t\t<i aria-hidden=\"true\" class=\"eicon-chevron-left\"><\/i>\t\t\t\t\t<\/div>\n\t\t\t\t\t<div class=\"elementor-swiper-button elementor-swiper-button-next\" role=\"button\" tabindex=\"0\">\n\t\t\t\t\t\t<i aria-hidden=\"true\" class=\"eicon-chevron-right\"><\/i>\t\t\t\t\t<\/div>\n\t\t\t\t\n\t\t\t\t\t\t\t\t\t<div class=\"swiper-pagination\"><\/div>\n\t\t\t\t\t\t\t\t\t<\/div>\n\t\t\t\t\t\t<\/div>\n\t\t\t\t<\/div>\n\t\t\t\t<div class=\"elementor-element elementor-element-114e0477 elementor-widget elementor-widget-image-box\" data-id=\"114e0477\" data-element_type=\"widget\" data-e-type=\"widget\" data-widget_type=\"image-box.default\">\n\t\t\t\t<div class=\"elementor-widget-container\">\n\t\t\t\t\t<div class=\"elementor-image-box-wrapper\"><div class=\"elementor-image-box-content\"><h3 class=\"elementor-image-box-title\">NIKO-VAP MIXTE<br><\/h3><p class=\"elementor-image-box-description\">\nDisponible en diff\u00e9rents formats et <br> diff\u00e9rentes proportions. Avec les meilleurs ingr\u00e9dients du march\u00e9.<br><br>-80vg\/20pg 20MG-10MG<br>-70VG\/30PG 20MG-10MG-0MG<br>-60VG\/40PG 20MG-10MG<br>-50VG\/50PG 20MG-10MG-0MG<br>-40VG\/60PG 20MG-10MG<br><\/p><\/div><\/div>\t\t\t\t<\/div>\n\t\t\t\t<\/div>\n\t\t\t\t\t<\/div>\n\t\t<\/div>\n\t\t\t\t<div class=\"elementor-column elementor-col-50 elementor-inner-column elementor-element elementor-element-6ecf1b82\" data-id=\"6ecf1b82\" data-element_type=\"column\" data-e-type=\"column\">\n\t\t\t<div class=\"elementor-widget-wrap elementor-element-populated\">\n\t\t\t\t\t\t<div class=\"elementor-element elementor-element-3e79b3b elementor-arrows-position-inside elementor-pagination-position-outside elementor-invisible elementor-widget elementor-widget-image-carousel\" data-id=\"3e79b3b\" data-element_type=\"widget\" data-e-type=\"widget\" data-settings=\"{&quot;slides_to_show&quot;:&quot;1&quot;,&quot;autoplay_speed&quot;:40,&quot;speed&quot;:3000,&quot;_animation&quot;:&quot;zoomIn&quot;,&quot;navigation&quot;:&quot;both&quot;,&quot;autoplay&quot;:&quot;yes&quot;,&quot;pause_on_hover&quot;:&quot;yes&quot;,&quot;pause_on_interaction&quot;:&quot;yes&quot;,&quot;infinite&quot;:&quot;yes&quot;,&quot;effect&quot;:&quot;slide&quot;}\" data-widget_type=\"image-carousel.default\">\n\t\t\t\t<div class=\"elementor-widget-container\">\n\t\t\t\t\t\t\t<div class=\"elementor-image-carousel-wrapper swiper\" role=\"region\" aria-roledescription=\"carousel\" aria-label=\"Carrusel de im\u00e1genes\" dir=\"ltr\">\n\t\t\t<div class=\"elementor-image-carousel swiper-wrapper\" aria-live=\"off\">\n\t\t\t\t\t\t\t\t<div class=\"swiper-slide\" role=\"group\" aria-roledescription=\"slide\" aria-label=\"1 de 2\"><a data-elementor-open-lightbox=\"yes\" data-elementor-lightbox-slideshow=\"3e79b3b\" data-elementor-lightbox-title=\"niko vap 20mg vg\" data-e-action-hash=\"#elementor-action%3Aaction%3Dlightbox%26settings%3DeyJpZCI6MzAxLCJ1cmwiOiJodHRwczpcL1wvb2lsNHZhcC5mclwvd3AtY29udGVudFwvdXBsb2Fkc1wvMjAyMFwvMDlcL25pa28tdmFwLTIwbWctdmctMS5wbmciLCJzbGlkZXNob3ciOiIzZTc5YjNiIn0%3D\" href=\"https:\/\/oil4vap.fr\/wp-content\/uploads\/2020\/09\/niko-vap-20mg-vg-1.png\"><figure class=\"swiper-slide-inner\"><img decoding=\"async\" class=\"swiper-slide-image\" src=\"https:\/\/oil4vap.fr\/wp-content\/uploads\/elementor\/thumbs\/niko-vap-20mg-vg-1-ovb08s5to9f3q876evkplndpewn8l9z94losod8gzu.png\" alt=\"niko vap 20mg vg\" \/><\/figure><\/a><\/div><div class=\"swiper-slide\" role=\"group\" aria-roledescription=\"slide\" aria-label=\"2 de 2\"><a data-elementor-open-lightbox=\"yes\" data-elementor-lightbox-slideshow=\"3e79b3b\" data-elementor-lightbox-title=\"niko vap 10mg vg\" data-e-action-hash=\"#elementor-action%3Aaction%3Dlightbox%26settings%3DeyJpZCI6MzA1LCJ1cmwiOiJodHRwczpcL1wvb2lsNHZhcC5mclwvd3AtY29udGVudFwvdXBsb2Fkc1wvMjAyMFwvMDlcL25pa28tdmFwLTEwbWctdmcucG5nIiwic2xpZGVzaG93IjoiM2U3OWIzYiJ9\" href=\"https:\/\/oil4vap.fr\/wp-content\/uploads\/2020\/09\/niko-vap-10mg-vg.png\"><figure class=\"swiper-slide-inner\"><img decoding=\"async\" class=\"swiper-slide-image\" src=\"https:\/\/oil4vap.fr\/wp-content\/uploads\/elementor\/thumbs\/niko-vap-10mg-vg-ovb0kuf9dpxkq2odz3acllsnux6tdfv8sb34e7cl56.png\" alt=\"niko vap 10mg vg\" \/><\/figure><\/a><\/div>\t\t\t<\/div>\n\t\t\t\t\t\t\t\t\t\t\t\t<div class=\"elementor-swiper-button elementor-swiper-button-prev\" role=\"button\" tabindex=\"0\">\n\t\t\t\t\t\t<i aria-hidden=\"true\" class=\"eicon-chevron-left\"><\/i>\t\t\t\t\t<\/div>\n\t\t\t\t\t<div class=\"elementor-swiper-button elementor-swiper-button-next\" role=\"button\" tabindex=\"0\">\n\t\t\t\t\t\t<i aria-hidden=\"true\" class=\"eicon-chevron-right\"><\/i>\t\t\t\t\t<\/div>\n\t\t\t\t\n\t\t\t\t\t\t\t\t\t<div class=\"swiper-pagination\"><\/div>\n\t\t\t\t\t\t\t\t\t<\/div>\n\t\t\t\t\t\t<\/div>\n\t\t\t\t<\/div>\n\t\t\t\t<div class=\"elementor-element elementor-element-41545bfa elementor-widget elementor-widget-image-box\" data-id=\"41545bfa\" data-element_type=\"widget\" data-e-type=\"widget\" data-widget_type=\"image-box.default\">\n\t\t\t\t<div class=\"elementor-widget-container\">\n\t\t\t\t\t<div class=\"elementor-image-box-wrapper\"><div class=\"elementor-image-box-content\"><h3 class=\"elementor-image-box-title\">VG 100%<\/h3><p class=\"elementor-image-box-description\">Niko-vap enti\u00e8rement fabriqu\u00e9 avec de la glyc\u00e9rine v\u00e9g\u00e9tale pour ajouter de la densit\u00e9 \u00e0 vos liquides et convient aux personnes allergiques au propyl\u00e8ne glycol.         <br><br>- 100%vg 20mg-10mg\n\n<br><br><br><br><\/p><\/div><\/div>\t\t\t\t<\/div>\n\t\t\t\t<\/div>\n\t\t\t\t\t<\/div>\n\t\t<\/div>\n\t\t\t\t\t<\/div>\n\t\t<\/section>\n\t\t\t\t<section class=\"elementor-section elementor-inner-section elementor-element elementor-element-4c31cb51 elementor-section-content-middle elementor-section-boxed elementor-section-height-default elementor-section-height-default\" data-id=\"4c31cb51\" data-element_type=\"section\" data-e-type=\"section\">\n\t\t\t\t\t\t<div class=\"elementor-container elementor-column-gap-no\">\n\t\t\t\t\t<div class=\"elementor-column elementor-col-50 elementor-inner-column elementor-element elementor-element-594499a1\" data-id=\"594499a1\" data-element_type=\"column\" data-e-type=\"column\">\n\t\t\t<div class=\"elementor-widget-wrap elementor-element-populated\">\n\t\t\t\t\t\t<div class=\"elementor-element elementor-element-fbb0f46 elementor-arrows-position-inside elementor-pagination-position-outside elementor-invisible elementor-widget elementor-widget-image-carousel\" data-id=\"fbb0f46\" data-element_type=\"widget\" data-e-type=\"widget\" data-settings=\"{&quot;slides_to_show&quot;:&quot;1&quot;,&quot;autoplay_speed&quot;:40,&quot;speed&quot;:3000,&quot;_animation&quot;:&quot;zoomIn&quot;,&quot;navigation&quot;:&quot;both&quot;,&quot;autoplay&quot;:&quot;yes&quot;,&quot;pause_on_hover&quot;:&quot;yes&quot;,&quot;pause_on_interaction&quot;:&quot;yes&quot;,&quot;infinite&quot;:&quot;yes&quot;,&quot;effect&quot;:&quot;slide&quot;}\" data-widget_type=\"image-carousel.default\">\n\t\t\t\t<div class=\"elementor-widget-container\">\n\t\t\t\t\t\t\t<div class=\"elementor-image-carousel-wrapper swiper\" role=\"region\" aria-roledescription=\"carousel\" aria-label=\"Carrusel de im\u00e1genes\" dir=\"ltr\">\n\t\t\t<div class=\"elementor-image-carousel swiper-wrapper\" aria-live=\"off\">\n\t\t\t\t\t\t\t\t<div class=\"swiper-slide\" role=\"group\" aria-roledescription=\"slide\" aria-label=\"1 de 3\"><a data-elementor-open-lightbox=\"yes\" data-elementor-lightbox-slideshow=\"fbb0f46\" data-elementor-lightbox-title=\"niko vap 20mg efecto frio\" data-e-action-hash=\"#elementor-action%3Aaction%3Dlightbox%26settings%3DeyJpZCI6MjkwLCJ1cmwiOiJodHRwczpcL1wvb2lsNHZhcC5mclwvd3AtY29udGVudFwvdXBsb2Fkc1wvMjAyMFwvMDlcL25pa28tdmFwLTIwbWctZWZlY3RvLWZyaW8ucG5nIiwic2xpZGVzaG93IjoiZmJiMGY0NiJ9\" href=\"https:\/\/oil4vap.fr\/wp-content\/uploads\/2020\/09\/niko-vap-20mg-efecto-frio.png\"><figure class=\"swiper-slide-inner\"><img decoding=\"async\" class=\"swiper-slide-image\" src=\"https:\/\/oil4vap.fr\/wp-content\/uploads\/2020\/09\/niko-vap-20mg-efecto-frio.png\" alt=\"niko vap 20mg efecto frio\" \/><\/figure><\/a><\/div><div class=\"swiper-slide\" role=\"group\" aria-roledescription=\"slide\" aria-label=\"2 de 3\"><a data-elementor-open-lightbox=\"yes\" data-elementor-lightbox-slideshow=\"fbb0f46\" data-elementor-lightbox-title=\"niko vap 10mg efecto frio\" data-e-action-hash=\"#elementor-action%3Aaction%3Dlightbox%26settings%3DeyJpZCI6MjkyLCJ1cmwiOiJodHRwczpcL1wvb2lsNHZhcC5mclwvd3AtY29udGVudFwvdXBsb2Fkc1wvMjAyMFwvMDlcL25pa28tdmFwLTEwbWctZWZlY3RvLWZyaW8ucG5nIiwic2xpZGVzaG93IjoiZmJiMGY0NiJ9\" href=\"https:\/\/oil4vap.fr\/wp-content\/uploads\/2020\/09\/niko-vap-10mg-efecto-frio.png\"><figure class=\"swiper-slide-inner\"><img decoding=\"async\" class=\"swiper-slide-image\" src=\"https:\/\/oil4vap.fr\/wp-content\/uploads\/2020\/09\/niko-vap-10mg-efecto-frio.png\" alt=\"niko vap 10mg efecto frio\" \/><\/figure><\/a><\/div><div class=\"swiper-slide\" role=\"group\" aria-roledescription=\"slide\" aria-label=\"3 de 3\"><a data-elementor-open-lightbox=\"yes\" data-elementor-lightbox-slideshow=\"fbb0f46\" data-elementor-lightbox-title=\"niko vap 0mg efecto frio\" data-e-action-hash=\"#elementor-action%3Aaction%3Dlightbox%26settings%3DeyJpZCI6Mjg4LCJ1cmwiOiJodHRwczpcL1wvb2lsNHZhcC5mclwvd3AtY29udGVudFwvdXBsb2Fkc1wvMjAyMFwvMDlcL25pa28tdmFwLTBtZy1lZmVjdG8tZnJpby5wbmciLCJzbGlkZXNob3ciOiJmYmIwZjQ2In0%3D\" href=\"https:\/\/oil4vap.fr\/wp-content\/uploads\/2020\/09\/niko-vap-0mg-efecto-frio.png\"><figure class=\"swiper-slide-inner\"><img decoding=\"async\" class=\"swiper-slide-image\" src=\"https:\/\/oil4vap.fr\/wp-content\/uploads\/2020\/09\/niko-vap-0mg-efecto-frio.png\" alt=\"niko vap 0mg efecto frio\" \/><\/figure><\/a><\/div>\t\t\t<\/div>\n\t\t\t\t\t\t\t\t\t\t\t\t<div class=\"elementor-swiper-button elementor-swiper-button-prev\" role=\"button\" tabindex=\"0\">\n\t\t\t\t\t\t<i aria-hidden=\"true\" class=\"eicon-chevron-left\"><\/i>\t\t\t\t\t<\/div>\n\t\t\t\t\t<div class=\"elementor-swiper-button elementor-swiper-button-next\" role=\"button\" tabindex=\"0\">\n\t\t\t\t\t\t<i aria-hidden=\"true\" class=\"eicon-chevron-right\"><\/i>\t\t\t\t\t<\/div>\n\t\t\t\t\n\t\t\t\t\t\t\t\t\t<div class=\"swiper-pagination\"><\/div>\n\t\t\t\t\t\t\t\t\t<\/div>\n\t\t\t\t\t\t<\/div>\n\t\t\t\t<\/div>\n\t\t\t\t<div class=\"elementor-element elementor-element-1d727898 elementor-widget elementor-widget-image-box\" data-id=\"1d727898\" data-element_type=\"widget\" data-e-type=\"widget\" data-widget_type=\"image-box.default\">\n\t\t\t\t<div class=\"elementor-widget-container\">\n\t\t\t\t\t<div class=\"elementor-image-box-wrapper\"><div class=\"elementor-image-box-content\"><h3 class=\"elementor-image-box-title\">EFFET FROID<\/h3><p class=\"elementor-image-box-description\">Si vous faites partie de ceux qui aiment ajouter une touche de froid \u00e0 leurs liquides avec de la nicotine, nous avons le bon produit.<br>\n-70VG\/30PG 20MG-10MG-0MG<br>-50VG\/50PG 20MG-10MG-0MG<br><br><br><br><\/p><\/div><\/div>\t\t\t\t<\/div>\n\t\t\t\t<\/div>\n\t\t\t\t\t<\/div>\n\t\t<\/div>\n\t\t\t\t<div class=\"elementor-column elementor-col-50 elementor-inner-column elementor-element elementor-element-2544f0f1\" data-id=\"2544f0f1\" data-element_type=\"column\" data-e-type=\"column\">\n\t\t\t<div class=\"elementor-widget-wrap elementor-element-populated\">\n\t\t\t\t\t\t<div class=\"elementor-element elementor-element-0826039 elementor-arrows-position-inside elementor-pagination-position-outside elementor-invisible elementor-widget elementor-widget-image-carousel\" data-id=\"0826039\" data-element_type=\"widget\" data-e-type=\"widget\" data-settings=\"{&quot;slides_to_show&quot;:&quot;1&quot;,&quot;autoplay_speed&quot;:40,&quot;speed&quot;:3000,&quot;_animation&quot;:&quot;zoomIn&quot;,&quot;navigation&quot;:&quot;both&quot;,&quot;autoplay&quot;:&quot;yes&quot;,&quot;pause_on_hover&quot;:&quot;yes&quot;,&quot;pause_on_interaction&quot;:&quot;yes&quot;,&quot;infinite&quot;:&quot;yes&quot;,&quot;effect&quot;:&quot;slide&quot;}\" data-widget_type=\"image-carousel.default\">\n\t\t\t\t<div class=\"elementor-widget-container\">\n\t\t\t\t\t\t\t<div class=\"elementor-image-carousel-wrapper swiper\" role=\"region\" aria-roledescription=\"carousel\" aria-label=\"Carrusel de im\u00e1genes\" dir=\"ltr\">\n\t\t\t<div class=\"elementor-image-carousel swiper-wrapper\" aria-live=\"off\">\n\t\t\t\t\t\t\t\t<div class=\"swiper-slide\" role=\"group\" aria-roledescription=\"slide\" aria-label=\"1 de 2\"><a data-elementor-open-lightbox=\"yes\" data-elementor-lightbox-slideshow=\"0826039\" data-elementor-lightbox-title=\"niko vap 20mg fast\" data-e-action-hash=\"#elementor-action%3Aaction%3Dlightbox%26settings%3DeyJpZCI6Mjk2LCJ1cmwiOiJodHRwczpcL1wvb2lsNHZhcC5mclwvd3AtY29udGVudFwvdXBsb2Fkc1wvMjAyMFwvMDlcL25pa28tdmFwLTIwbWctZmFzdC0xLnBuZyIsInNsaWRlc2hvdyI6IjA4MjYwMzkifQ%3D%3D\" href=\"https:\/\/oil4vap.fr\/wp-content\/uploads\/2020\/09\/niko-vap-20mg-fast-1.png\"><figure class=\"swiper-slide-inner\"><img decoding=\"async\" class=\"swiper-slide-image\" src=\"https:\/\/oil4vap.fr\/wp-content\/uploads\/2020\/09\/niko-vap-20mg-fast-1.png\" alt=\"niko vap 20mg fast\" \/><\/figure><\/a><\/div><div class=\"swiper-slide\" role=\"group\" aria-roledescription=\"slide\" aria-label=\"2 de 2\"><a data-elementor-open-lightbox=\"yes\" data-elementor-lightbox-slideshow=\"0826039\" data-elementor-lightbox-title=\"niko vap 20mg fast\" data-e-action-hash=\"#elementor-action%3Aaction%3Dlightbox%26settings%3DeyJpZCI6Mjk0LCJ1cmwiOiJodHRwczpcL1wvb2lsNHZhcC5mclwvd3AtY29udGVudFwvdXBsb2Fkc1wvMjAyMFwvMDlcL25pa28tdmFwLTIwbWctZmFzdC5wbmciLCJzbGlkZXNob3ciOiIwODI2MDM5In0%3D\" href=\"https:\/\/oil4vap.fr\/wp-content\/uploads\/2020\/09\/niko-vap-20mg-fast.png\"><figure class=\"swiper-slide-inner\"><img decoding=\"async\" class=\"swiper-slide-image\" src=\"https:\/\/oil4vap.fr\/wp-content\/uploads\/2020\/09\/niko-vap-20mg-fast.png\" alt=\"niko vap 20mg fast\" \/><\/figure><\/a><\/div>\t\t\t<\/div>\n\t\t\t\t\t\t\t\t\t\t\t\t<div class=\"elementor-swiper-button elementor-swiper-button-prev\" role=\"button\" tabindex=\"0\">\n\t\t\t\t\t\t<i aria-hidden=\"true\" class=\"eicon-chevron-left\"><\/i>\t\t\t\t\t<\/div>\n\t\t\t\t\t<div class=\"elementor-swiper-button elementor-swiper-button-next\" role=\"button\" tabindex=\"0\">\n\t\t\t\t\t\t<i aria-hidden=\"true\" class=\"eicon-chevron-right\"><\/i>\t\t\t\t\t<\/div>\n\t\t\t\t\n\t\t\t\t\t\t\t\t\t<div class=\"swiper-pagination\"><\/div>\n\t\t\t\t\t\t\t\t\t<\/div>\n\t\t\t\t\t\t<\/div>\n\t\t\t\t<\/div>\n\t\t\t\t<div class=\"elementor-element elementor-element-7fb60bba elementor-widget elementor-widget-image-box\" data-id=\"7fb60bba\" data-element_type=\"widget\" data-e-type=\"widget\" data-widget_type=\"image-box.default\">\n\t\t\t\t<div class=\"elementor-widget-container\">\n\t\t\t\t\t<div class=\"elementor-image-box-wrapper\"><div class=\"elementor-image-box-content\"><h3 class=\"elementor-image-box-title\">FAST 4 VAP<\/h3><p class=\"elementor-image-box-description\">Si vous \u00eates fatigu\u00e9 d'attendre lorsque vous ajoutez un nikovap \u00e0 vos liquides commerciaux pour qu'ils soient compl\u00e8tement mac\u00e9r\u00e9s, nous vous avons apport\u00e9 la solution. Vaps de mac\u00e9ration rapide Niko.<br><br>-80vg\/20PDO 1.3 20mg-10mg<br>-70vg\/30PDO 1.3 20mg-10mg<br>-50vg\/50PDO 1.3 20mg-10mg\n<\/p><\/div><\/div>\t\t\t\t<\/div>\n\t\t\t\t<\/div>\n\t\t\t\t\t<\/div>\n\t\t<\/div>\n\t\t\t\t\t<\/div>\n\t\t<\/section>\n\t\t\t\t\t<\/div>\n\t\t<\/div>\n\t\t\t\t\t<\/div>\n\t\t<\/section>\n\t\t\t\t<\/div>\n\t\t ","protected":false},"excerpt":{"rendered":"<p>NIKO-VAPS utilisez-les dans vos eliquides ou dans vos bases pour vapoter au pourcentage de nicotine souhait\u00e9. 99,9% de nicotine pure. Anterior Siguiente NIKO-VAP MIXTE Disponible en diff\u00e9rents formats et diff\u00e9rentes<\/p>\n<p class=\"more-link\"><a href=\"https:\/\/oil4vap.fr\/?page_id=158\" class=\"readmore\">Seguir leyendo<svg class=\"icon icon-arrow-right\" aria-hidden=\"true\" role=\"img\"> <use href=\"#icon-arrow-right\" xlink:href=\"#icon-arrow-right\"><\/use> <\/svg><span class=\"screen-reader-text\">NIKO-VAPS<\/span><\/a><\/p>\n","protected":false},"author":1,"featured_media":0,"parent":42,"menu_order":0,"comment_status":"closed","ping_status":"closed","template":"elementor_header_footer","meta":{"footnotes":""},"class_list":["post-158","page","type-page","status-publish","hentry"],"_links":{"self":[{"href":"https:\/\/oil4vap.fr\/index.php?rest_route=\/wp\/v2\/pages\/158","targetHints":{"allow":["GET"]}}],"collection":[{"href":"https:\/\/oil4vap.fr\/index.php?rest_route=\/wp\/v2\/pages"}],"about":[{"href":"https:\/\/oil4vap.fr\/index.php?rest_route=\/wp\/v2\/types\/page"}],"author":[{"embeddable":true,"href":"https:\/\/oil4vap.fr\/index.php?rest_route=\/wp\/v2\/users\/1"}],"replies":[{"embeddable":true,"href":"https:\/\/oil4vap.fr\/index.php?rest_route=%2Fwp%2Fv2%2Fcomments&post=158"}],"version-history":[{"count":95,"href":"https:\/\/oil4vap.fr\/index.php?rest_route=\/wp\/v2\/pages\/158\/revisions"}],"predecessor-version":[{"id":1052,"href":"https:\/\/oil4vap.fr\/index.php?rest_route=\/wp\/v2\/pages\/158\/revisions\/1052"}],"up":[{"embeddable":true,"href":"https:\/\/oil4vap.fr\/index.php?rest_route=\/wp\/v2\/pages\/42"}],"wp:attachment":[{"href":"https:\/\/oil4vap.fr\/index.php?rest_route=%2Fwp%2Fv2%2Fmedia&parent=158"}],"curies":[{"name":"wp","href":"https:\/\/api.w.org\/{rel}","templated":true}]}}